{"id":267,"date":"2026-01-12T09:31:47","date_gmt":"2026-01-12T14:31:47","guid":{"rendered":"https:\/\/tempwp.cloud68.co\/?post_type=tec_session&#038;p=267"},"modified":"2026-01-12T09:31:48","modified_gmt":"2026-01-12T14:31:48","slug":"de-colonize-the-queer-power-knowledge-and-subjectivity","status":"publish","type":"tec_session","link":"https:\/\/tempwp.cloud68.co\/es\/sessions\/de-colonize-the-queer-power-knowledge-and-subjectivity\/","title":{"rendered":"Descolonizar lo queer: poder, conocimiento y subjetividad"},"content":{"rendered":"<p>La sesi\u00f3n est\u00e1 dise\u00f1ada para iluminar la formaci\u00f3n del r\u00e9gimen contempor\u00e1neo de visibilidad queer y la subjetividad queer, mostrando brevemente los antecedentes hist\u00f3ricos de su desarrollo dentro de las tecnolog\u00edas de poder y conocimiento en disputa y la derivaci\u00f3n institucional dentro de ellas. Por un lado, exploraremos las cambiantes subjetividades queer locales\/regionales; por otro, examinaremos el alma y el cuerpo queer como campo de batalla de la instrumentalizaci\u00f3n imperial, (pos)colonial y autoritaria.<\/p>\n\n\n\n<p>Profundizaremos en c\u00f3mo lo personal no s\u00f3lo es pol\u00edtico, sino tambi\u00e9n geopol\u00edtico, examinando c\u00f3mo nuestra alma, cuerpo, existencia, sexualidad, vidas y muerte est\u00e1n geopol\u00edticamente configurados. Adem\u00e1s, aprenderemos a descifrar las declaraciones pol\u00edticas sobre la emancipaci\u00f3n queer y los temas que se generan y se atascan en los l\u00edmites de las dicotom\u00edas Occidente\/Este, Norte\/Sur, moderno\/atrasado y nacional\/importado, d\u00e1ndoles forma geopol\u00edticamente.<\/p>","protected":false},"excerpt":{"rendered":"<p>The session is designed to illuminate the formation of the contemporary queer visibility regime and queer subjectivity, briefly displaying the historical background of its development within contesting power and knowledge technologies and institutional derivation within them. On one side, we will explore the shifting local\/regional queer subjectivities; on the other side, we will scrutinize the [&hellip;]<\/p>\n","protected":false},"author":4,"featured_media":0,"template":"","meta":{"_acf_changed":true,"footnotes":""},"locations-custom":[48],"tracks-custom":[49],"session_track":[],"session_location":[],"class_list":["post-267","tec_session","type-tec_session","status-publish","hentry","locations-custom-orchid-room","tracks-custom-solidarity-and-movement"],"acf":[],"_links":{"self":[{"href":"https:\/\/tempwp.cloud68.co\/es\/wp-json\/wp\/v2\/sessions\/267","targetHints":{"allow":["GET"]}}],"collection":[{"href":"https:\/\/tempwp.cloud68.co\/es\/wp-json\/wp\/v2\/sessions"}],"about":[{"href":"https:\/\/tempwp.cloud68.co\/es\/wp-json\/wp\/v2\/types\/tec_session"}],"author":[{"embeddable":true,"href":"https:\/\/tempwp.cloud68.co\/es\/wp-json\/wp\/v2\/users\/4"}],"version-history":[{"count":0,"href":"https:\/\/tempwp.cloud68.co\/es\/wp-json\/wp\/v2\/sessions\/267\/revisions"}],"wp:attachment":[{"href":"https:\/\/tempwp.cloud68.co\/es\/wp-json\/wp\/v2\/media?parent=267"}],"wp:term":[{"taxonomy":"locations-custom","embeddable":true,"href":"https:\/\/tempwp.cloud68.co\/es\/wp-json\/wp\/v2\/locations-custom?post=267"},{"taxonomy":"tracks-custom","embeddable":true,"href":"https:\/\/tempwp.cloud68.co\/es\/wp-json\/wp\/v2\/tracks-custom?post=267"},{"taxonomy":"tec_track","embeddable":true,"href":"https:\/\/tempwp.cloud68.co\/es\/wp-json\/wp\/v2\/session_track?post=267"},{"taxonomy":"tec_location","embeddable":true,"href":"https:\/\/tempwp.cloud68.co\/es\/wp-json\/wp\/v2\/session_location?post=267"}],"curies":[{"name":"wp","href":"https:\/\/api.w.org\/{rel}","templated":true}]}}

<p>La sesión está diseñada para iluminar la formación del régimen contemporáneo de visibilidad queer y la subjetividad queer, mostrando brevemente los antecedentes históricos de su desarrollo dentro de las tecnologías de poder y conocimiento en disputa y la derivación institucional dentro de ellas. Por un lado, exploraremos las cambiantes subjetividades queer locales/regionales; por otro, examinaremos el alma y el cuerpo queer como campo de batalla de la instrumentalización imperial, (pos)colonial y autoritaria.</p>



<p>Profundizaremos en cómo lo personal no sólo es político, sino también geopolítico, examinando cómo nuestra alma, cuerpo, existencia, sexualidad, vidas y muerte están geopolíticamente configurados. Además, aprenderemos a descifrar las declaraciones políticas sobre la emancipación queer y los temas que se generan y se atascan en los límites de las dicotomías Occidente/Este, Norte/Sur, moderno/atrasado y nacional/importado, dándoles forma geopolíticamente.</p>
