{"id":270,"date":"2026-01-12T09:36:04","date_gmt":"2026-01-12T14:36:04","guid":{"rendered":"https:\/\/tempwp.cloud68.co\/?post_type=tec_session&#038;p=270"},"modified":"2026-01-12T09:36:06","modified_gmt":"2026-01-12T14:36:06","slug":"are-we-talking-everything-about-decolonialism","status":"publish","type":"tec_session","link":"https:\/\/tempwp.cloud68.co\/es\/sessions\/are-we-talking-everything-about-decolonialism\/","title":{"rendered":"\u00bfEstamos hablando todo sobre el descolonialismo?"},"content":{"rendered":"<p>La sesi\u00f3n es un debate con grupos peque\u00f1os\/medianos que acuerdan y discuten cuestiones sobre la influencia de la guerra rusa en nuestra regi\u00f3n y el activismo en Asia Central y el C\u00e1ucaso Sur. La guerra aceler\u00f3 los procesos de descolonizaci\u00f3n y expuso a los grupos activistas y a los activistas individuales a retos que antes no ten\u00edamos. Son econ\u00f3micos, culturales e ideol\u00f3gicos.&nbsp;<\/p>\n\n\n\n<p>Despu\u00e9s de la sesi\u00f3n espero que podamos acercarnos a la comprensi\u00f3n de lo lejos que est\u00e1n nuestro activismo y los activistas entre s\u00ed y lo que deber\u00edamos hacer o tal vez no deber\u00edamos hacer. Todo este tiempo hemos intentado solidarizarnos y sin embargo no estamos tan solidarizados. E incluso a veces polarizados.<\/p>","protected":false},"excerpt":{"rendered":"<p>Session is a discussion with small\/medium groups who agree and discuss questions on influence of Russian war to our region and activism in Central Asia and South Caucasus. The war fastened the processes of decolonization and exposed activist groups, individual activists to challenges that we did not have before. They are economic, cultural and ideological.&nbsp; [&hellip;]<\/p>\n","protected":false},"author":4,"featured_media":0,"template":"","meta":{"_acf_changed":true,"footnotes":""},"locations-custom":[48],"tracks-custom":[49],"session_track":[],"session_location":[],"class_list":["post-270","tec_session","type-tec_session","status-publish","hentry","locations-custom-orchid-room","tracks-custom-solidarity-and-movement"],"acf":[],"_links":{"self":[{"href":"https:\/\/tempwp.cloud68.co\/es\/wp-json\/wp\/v2\/sessions\/270","targetHints":{"allow":["GET"]}}],"collection":[{"href":"https:\/\/tempwp.cloud68.co\/es\/wp-json\/wp\/v2\/sessions"}],"about":[{"href":"https:\/\/tempwp.cloud68.co\/es\/wp-json\/wp\/v2\/types\/tec_session"}],"author":[{"embeddable":true,"href":"https:\/\/tempwp.cloud68.co\/es\/wp-json\/wp\/v2\/users\/4"}],"version-history":[{"count":0,"href":"https:\/\/tempwp.cloud68.co\/es\/wp-json\/wp\/v2\/sessions\/270\/revisions"}],"wp:attachment":[{"href":"https:\/\/tempwp.cloud68.co\/es\/wp-json\/wp\/v2\/media?parent=270"}],"wp:term":[{"taxonomy":"locations-custom","embeddable":true,"href":"https:\/\/tempwp.cloud68.co\/es\/wp-json\/wp\/v2\/locations-custom?post=270"},{"taxonomy":"tracks-custom","embeddable":true,"href":"https:\/\/tempwp.cloud68.co\/es\/wp-json\/wp\/v2\/tracks-custom?post=270"},{"taxonomy":"tec_track","embeddable":true,"href":"https:\/\/tempwp.cloud68.co\/es\/wp-json\/wp\/v2\/session_track?post=270"},{"taxonomy":"tec_location","embeddable":true,"href":"https:\/\/tempwp.cloud68.co\/es\/wp-json\/wp\/v2\/session_location?post=270"}],"curies":[{"name":"wp","href":"https:\/\/api.w.org\/{rel}","templated":true}]}}

<p>La sesión es un debate con grupos pequeños/medianos que acuerdan y discuten cuestiones sobre la influencia de la guerra rusa en nuestra región y el activismo en Asia Central y el Cáucaso Sur. La guerra aceleró los procesos de descolonización y expuso a los grupos activistas y a los activistas individuales a retos que antes no teníamos. Son económicos, culturales e ideológicos.&nbsp;</p>



<p>Después de la sesión espero que podamos acercarnos a la comprensión de lo lejos que están nuestro activismo y los activistas entre sí y lo que deberíamos hacer o tal vez no deberíamos hacer. Todo este tiempo hemos intentado solidarizarnos y sin embargo no estamos tan solidarizados. E incluso a veces polarizados.</p>
